highest common factor of 61 and 7?
1
What is the greatest common factor of 465 and 330?
15
Calculate the greatest common factor of 207 and 23.
23
What is the greatest common factor of 693 and 11?
11
Calculate the highest common divisor of 1241 and 146.
73
Calculate the highest common factor of 10 and 310.
10
What is the highest common factor of 8 and 28688?
8
Calculate the greatest common divisor of 18469 and 511.
73
Calculate the highest common divisor of 13230 and 675.
135
What is the highest common divisor of 12806 and 38?
38
Calculate the highest common factor of 539 and 2387.
77
What is the highest common divisor of 53 and 1961?
53
What is the greatest common divisor of 100 and 2580?
20
Calculate the greatest common divisor of 194 and 2619.
97
Calculate the greatest common divisor of 12 and 2076.
12
What is the highest common divisor of 116 and 5162?
58
What is the highest common divisor of 26 and 533?
13
Calculate the highest common divisor of 1691 and 89.
89
Calculate the highest common factor of 20 and 35060.
20
What is the highest common factor of 2140 and 120?
20
Calculate the greatest common factor of 2491 and 159.
53
Calculate the greatest common factor of 48 and 654.
6
Calculate the highest common divisor of 2096 and 393.
131
What is the greatest common factor of 90 and 306?
18
What is the greatest common divisor of 12 and 18708?
12
Calculate the highest common factor of 5963 and 67.
67
Calculate the greatest common divisor of 1501 and 551.
19
Calculate the highest common factor of 1778 and 762.
254
What is the greatest common divisor of 429 and 66?
33
What is the highest common factor of 48 and 648?
24
What is the highest common factor of 1500 and 12?
12
What is the greatest common factor of 50 and 6675?
25
Calculate the highest common divisor of 1088 and 64.
64
What is the highest common factor of 80 and 1936?
16
Calculate the greatest common factor of 450 and 72.
18
Calculate the highest common divisor of 12 and 564.
12
Calculate the greatest common factor of 88 and 44.
44
Calculate the greatest common divisor of 2060 and 620.
20
Calculate the highest common factor of 55 and 85.
5
What is the greatest common divisor of 28 and 602?
14
Calculate the greatest common divisor of 17880 and 72.
24
Calculate the highest common divisor of 2486 and 77.
11
What is the highest common divisor of 29 and 3190?
29
What is the highest common factor of 182 and 286?
26
Calculate the greatest common divisor of 122 and 1647.
61
What is the highest common divisor of 44 and 253?
11
Calculate the greatest common divisor of 90 and 1605.
15
Calculate the highest common factor of 56 and 52276.
28
Calculate the greatest common divisor of 4136 and 88.
88
What is the highest common factor of 242 and 1672?
22
Calculate the greatest common divisor of 8 and 12.
4
What is the greatest common divisor of 351 and 432?
27
Calculate the highest common divisor of 24 and 1896.
24
Calculate the highest common factor of 27 and 3.
3
Calculate the greatest common factor of 4255 and 148.
37
Calculate the highest common divisor of 600 and 6250.
50
Calculate the highest common divisor of 76 and 646.
38
Calculate the highest common factor of 126 and 1246.
14
What is the highest common divisor of 26 and 13?
13
Calculate the greatest common factor of 189 and 243.
27
What is the highest common factor of 414 and 126?
18
What is the highest common factor of 949 and 1387?
73
Calculate the highest common divisor of 11289 and 159.
159
What is the highest common factor of 360 and 2070?
90
What is the highest common divisor of 286 and 1859?
143
Calculate the greatest common divisor of 4558 and 344.
86
What is the greatest common factor of 8164 and 1570?
314
Calculate the highest common divisor of 15 and 87.
3
Calculate the greatest common divisor of 19 and 9253.
19
Calculate the highest common divisor of 990 and 90.
90
Calculate the greatest common factor of 10 and 1940.
10
Calculate the highest common divisor of 221 and 26.
13
Calculate the highest common divisor of 3170 and 40.
10
What is the highest common divisor of 18 and 728?
2
Calculate the greatest common factor of 6 and 5712.
6
What is the highest common divisor of 13 and 13?
13
What is the greatest common factor of 630 and 3339?
63
Calculate the greatest common divisor of 54 and 1305.
9
What is the highest common factor of 602 and 258?
86
Calculate the highest common divisor of 2793 and 49.
49
What is the greatest common divisor of 1080 and 20?
20
Calculate the highest common divisor of 448 and 4424.
56
Calculate the highest common divisor of 40 and 1690.
10
What is the highest common factor of 15 and 1545?
15
What is the greatest common divisor of 1638 and 105?
21
Calculate the highest common factor of 13 and 39.
13
Calculate the highest common factor of 104 and 34424.
104
Calculate the highest common divisor of 12480 and 32.
32
What is the highest common divisor of 581 and 679?
7
Calculate the greatest common factor of 1840 and 3440.
80
Calculate the highest common divisor of 341 and 155.
31
What is the highest common divisor of 70 and 30?
10
What is the greatest common divisor of 12455 and 265?
265
Calculate the greatest common factor of 13 and 377.
13
What is the highest common factor of 182 and 182?
182
What is the greatest common divisor of 756 and 216?
108
Calculate the greatest common factor of 30 and 18.
6
Calculate the greatest common factor of 4404 and 84.
12
What is the greatest common factor of 610 and 30?
10
Calculate the greatest common factor of 72 and 184.
8
What is the highest common factor of 1152 and 160?
32
Calculate the highest common factor of 75 and 1485.
15
What is the highest common divisor of 51 and 27?
3
Calculate the greatest common divisor of 209 and 304.
19
What is the greatest common divisor of 98 and 28?
14
What is the greatest common factor of 87 and 3?
3
What is the greatest common factor of 49 and 175?
7
Calculate the highest common factor of 1848 and 56.
56
What is the greatest common divisor of 4992 and 96?
96
Calculate the greatest common divisor of 17 and 3553.
17
Calculate the highest common divisor of 2650 and 200.
50
Calculate the greatest common divisor of 576 and 36.
36
Calculate the greatest common divisor of 48 and 41056.
16
Calculate the greatest common divisor of 54 and 19359.
27
What is the greatest common factor of 2 and 4006?
2
Calculate the greatest common factor of 35 and 115.
5
What is the highest common divisor of 508 and 4?
4
What is the greatest common factor of 296 and 111?
37
Calculate the highest common divisor of 91 and 56.
7
What is the greatest common divisor of 4389 and 22?
11
Calculate the highest common divisor of 66 and 858.
66
Calculate the greatest common divisor of 32865 and 35.
35
What is the greatest common divisor of 2809 and 53?
53
Calculate the highest common factor of 8 and 536.
8
What is the highest common divisor of 960 and 736?
32
What is the greatest common divisor of 170 and 34?
34
What is the greatest common divisor of 560 and 1008?
112
What is the highest common divisor of 4 and 28?
4
What is the highest common factor of 1184 and 444?
148
What is the highest common divisor of 1120 and 7?
7
What is the highest common divisor of 1333 and 93?
31
Calculate the greatest common factor of 10 and 370.
10
What is the highest common divisor of 16 and 594?
2
Calculate the highest common factor of 171 and 133.
19
What is the highest common divisor of 184 and 851?
23
Calculate the highest common divisor of 190 and 152.
38
Calculate the greatest common factor of 24582 and 510.
102
Calculate the highest common divisor of 20 and 185.
5
What is the highest common divisor of 4 and 9668?
4
What is the greatest common divisor of 1589 and 3405?
227
What is the greatest common divisor of 60 and 960?
60
Calculate the highest common factor of 259 and 666.
37
Calculate the highest common factor of 1377 and 24.
3
What is the greatest common factor of 2 and 4096?
2
What is the highest common factor of 8 and 1812?
4
What is the highest common factor of 1298 and 944?
118
Calculate the highest common divisor of 448 and 64.
64
Calculate the greatest common factor of 442 and 11232.
26
Calculate the greatest common divisor of 1 and 5.
1
Calculate the greatest common divi